r when 1727 is divided by 20.
7
What is the remainder when 24385 is divided by 12188?
9
What is the remainder when 469 is divided by 158?
153
Calculate the remainder when 10597 is divided by 10559.
38
What is the remainder when 24033 is divided by 115?
113
What is the remainder when 3484 is divided by 596?
504
Calculate the remainder when 281344 is divided by 12788.
8
Calculate the remainder when 202 is divided by 135.
67
What is the remainder when 3638728 is divided by 22?
16
What is the remainder when 383144 is divided by 9?
5
What is the remainder when 8916 is divided by 1?
0
Calculate the remainder when 4102 is divided by 813.
37
Calculate the remainder when 5797 is divided by 1932.
1
What is the remainder when 187927 is divided by 591?
580
What is the remainder when 18948 is divided by 412?
408
What is the remainder when 270067 is divided by 67514?
11
What is the remainder when 4214 is divided by 60?
14
What is the remainder when 11037 is divided by 27?
21
What is the remainder when 255492 is divided by 293?
289
Calculate the remainder when 944 is divided by 95.
89
Calculate the remainder when 155540 is divided by 103.
10
What is the remainder when 175993 is divided by 100?
93
Calculate the remainder when 158471 is divided by 5.
1
Calculate the remainder when 8256 is divided by 51.
45
What is the remainder when 45229 is divided by 172?
165
Calculate the remainder when 48262 is divided by 6892.
18
What is the remainder when 1591 is divided by 46?
27
Calculate the remainder when 2088 is divided by 229.
27
What is the remainder when 32998 is divided by 367?
335
What is the remainder when 5905 is divided by 211?
208
Calculate the remainder when 5838 is divided by 58.
38
Calculate the remainder when 3601 is divided by 85.
31
What is the remainder when 45713 is divided by 57?
56
What is the remainder when 1811 is divided by 849?
113
What is the remainder when 15163 is divided by 67?
21
What is the remainder when 11070 is divided by 11023?
47
What is the remainder when 173839 is divided by 80?
79
What is the remainder when 498 is divided by 63?
57
Calculate the remainder when 379 is divided by 115.
34
Calculate the remainder when 198437 is divided by 2611.
1
What is the remainder when 81588 is divided by 5?
3
Calculate the remainder when 46312 is divided by 40.
32
Calculate the remainder when 416966 is divided by 104241.
2
What is the remainder when 32017 is divided by 5?
2
What is the remainder when 4177 is divided by 1353?
118
Calculate the remainder when 30760 is divided by 967.
783
Calculate the remainder when 515 is divided by 463.
52
What is the remainder when 12177 is divided by 84?
81
What is the remainder when 3979 is divided by 1359?
1261
What is the remainder when 10640 is divided by 1393?
889
Calculate the remainder when 1840996 is divided by 86.
80
Calculate the remainder when 2935 is divided by 226.
223
Calculate the remainder when 2061 is divided by 333.
63
Calculate the remainder when 3308 is divided by 162.
68
Calculate the remainder when 2607 is divided by 9.
6
What is the remainder when 29877 is divided by 384?
309
Calculate the remainder when 926529 is divided by 26.
19
Calculate the remainder when 179028 is divided by 869.
14
Calculate the remainder when 136 is divided by 44.
4
What is the remainder when 645977 is divided by 62?
61
Calculate the remainder when 4825 is divided by 210.
205
What is the remainder when 79106 is divided by 18?
14
What is the remainder when 4839813 is divided by 17?
15
Calculate the remainder when 14999 is divided by 242.
237
What is the remainder when 293249 is divided by 25?
24
Calculate the remainder when 1543 is divided by 425.
268
What is the remainder when 11459 is divided by 442?
409
What is the remainder when 1134986 is divided by 49?
48
Calculate the remainder when 65704 is divided by 64.
40
What is the remainder when 29752 is divided by 431?
13
What is the remainder when 1342 is divided by 1239?
103
What is the remainder when 2956 is divided by 31?
11
Calculate the remainder when 9885 is divided by 32.
29
Calculate the remainder when 79968 is divided by 8883.
21
Calculate the remainder when 2692 is divided by 373.
81
What is the remainder when 9817 is divided by 2436?
73
Calculate the remainder when 11043 is divided by 257.
249
What is the remainder when 5321 is divided by 663?
17
What is the remainder when 7098 is divided by 249?
126
What is the remainder when 111820 is divided by 29?
25
Calculate the remainder when 10088 is divided by 174.
170
Calculate the remainder when 3240 is divided by 7.
6
Calculate the remainder when 933166 is divided by 257.
256
Calculate the remainder when 114601 is divided by 103.
65
What is the remainder when 194271 is divided by 6?
3
What is the remainder when 27105 is divided by 3011?
6
What is the remainder when 594 is divided by 293?
8
Calculate the remainder when 90006 is divided by 99.
15
What is the remainder when 3727 is divided by 171?
136
Calculate the remainder when 121112 is divided by 1892.
24
What is the remainder when 1904 is divided by 224?
112
Calculate the remainder when 8328 is divided by 85.
83
Calculate the remainder when 5707 is divided by 340.
267
Calculate the remainder when 289230 is divided by 311.
0
Calculate the remainder when 7386 is divided by 2443.
57
What is the remainder when 2007 is divided by 22?
5
What is the remainder when 163144 is divided by 44?
36
What is the remainder when 151697 is divided by 24?
17
Calculate the remainder when 13203 is divided by 31.
28
What is the remainder when 17784 is divided by 661?
598
What is the remainder when 307773 is divided by 43966?
11
What is the remainder when 4012805 is divided by 478?
473
Calculate the remainder when 5345 is divided by 625.
345
Calculate the remainder when 4519 is divided by 893.
54
What is the remainder when 1832 is divided by 466?
434
What is the remainder when 49095 is divided by 79?
36
What is the remainder when 37439 is divided by 43?
29
Calculate the remainder when 3655 is divided by 1175.
130
What is the remainder when 643 is divided by 466?
177
What is the remainder when 76292 is divided by 64?
4
Calculate the remainder when 4768 is divided by 99.
16
What is the remainder when 3150 is divided by 640?
590
Calculate the remainder when 1242 is divided by 47.
20
Calculate the remainder when 42197 is divided by 625.
322
What is the remainder when 2835 is divided by 127?
41
What is the remainder when 705 is divided by 528?
177
Calculate the remainder when 34903 is divided by 27.
19
What is the remainder when 291140 is divided by 251?
231
Calculate the remainder when 3369 is divided by 178.
165
What is the remainder when 10389 is divided by 200?
189
What is the remainder when 15914 is divided by 836?
30
What is the remainder when 132799 is divided by 415?
414
Calculate the remainder when 330097 is divided by 11.
9
What is the remainder when 4029 is divided by 289?
272
What is the remainder when 96716 is divided by 62?
58
What is the remainder when 3731 is divided by 1862?
7
Calculate the remainder when 37898 is divided by 103.
97
Calculate the remainder when 35207 is divided by 17588.
31
Calculate the remainder when 6386 is divided by 904.
58
What is the remainder when 13186 is divided by 275?
261
Calculate the remainder when 3017 is divided by 2968.
49
Calculate the remainder when 5239 is divided by 261.
19
What is the remainder when 2433 is divided by 2057?
376
Calculate the remainder when 8417 is divided by 609.
500
What is the remainder when 9662 is divided by 1361?
135
Calculate the remainder when 2051 is divided by 484.
115
What is the remainder when 508893 is divided by 18?
15
Calculate the remainder when 79740 is divided by 26570.
30
What is the remainder when 14534 is divided by 169?
0
What is the remainder when 9861 is divided by 450?
411
Calculate the remainder when 34644 is divided by 169.
168
What is the remainder when 232362 is divided by 116166?
30
Calculate the remainder when 11292 is divided by 79.
74
Calculate the remainder when 2000 is divided by 800.
400
What is the remainder when 140398 is divided by 140379?
19
What is the remainder when 7206 is divided by 242?
188
Calculate the remainder when 4915 is divided by 2416.
83
What is the remaind